et u(k) = -k**2 - 13*k - 30. Let h be u(-10). What are the prime factors of l(h)?
2, 13
Suppose 218 + 150 = 2*n. Suppose -n = 3*g - 7*g. Suppose 14 = 2*y - 3*s, 4*y + 6*s = 3*s + g. What are the prime factors of y?
2, 5
Let l be -3 - (-2 + (3 - 0)). Let k be ((-2)/(-3))/(l/(-12)). Suppose 0 = -k*m - 50 + 144. List the prime factors of m.
47
Let m(z) = z + 13. Let a be m(-13). Let f be 15 + -11 - (2 - a). List the prime factors of f/(2/3 - 0).
3
Let h(y) = -27*y + 784. List the prime factors of h(-50).
2, 11, 97
Let x be (-2)/6 - 124/(-12). Suppose -k + x = -11. Suppose -k - 7 = -2*y. What are the prime factors of y?
2, 7
Let o be -26*(-1 + (-9)/(-6)). Let m = -47 - o. Let q = 70 + m. What are the prime factors of q?
2, 3
Let t be 38*6*7/14. Let d = -70 + t. List the prime factors of d.
2, 11
Suppose -p - 1560 = -6*p. Suppose 0*c = 5*c + 3*n - 430, 4*c - 4*n = p. Let j = c + -57. What are the prime factors of j?
2, 13
Suppose 8 = 2*u, 152*u - 2950 = -h + 147*u. What are the prime factors of h?
2, 5, 293
Let f(d) = 5*d - 1. Let k be f(-12). What are the prime factors of 1*k*(-1)/1?
61
Suppose -r - 4*r = 2*s - 4, 4*r = -4*s + 8. Let p be -2 + (3 - (-119 - r)). Suppose -8*z = -3*z - p. What are the prime factors of z?
2, 3
Suppose -49 = -4*b - 3*l, b + l - 5 - 8 = 0. Let p(k) = -k**2 + 10*k + 4. Let r be p(b). Suppose 28 = r*a - 3*a. List the prime factors of a.
2, 7
Suppose 0 = 6*m - 192 - 2478. List the prime factors of m.
5, 89
Suppose -5*c - 13 = -18, -5*d = -2*c - 14123. What are the prime factors of d?
5, 113
Let d(i) be the first derivative of 4*i**3 + 3/2*i**2 + 3 - i. What are the prime factors of d(-2)?
41
Let q(m) = m**3 - m**2 - m + 2. Let l be q(0). Suppose 5*n = -4*w + 30, 0 = -0*w - l*w + 5*n. Let r = 1 + w. What are the prime factors of r?
2, 3
Suppose 4 = -2*z, 3*q - q + 26 = 4*z. Suppose 2*d = -5*i - 3*d + 85, -4*d - 46 = -2*i. Let p = q + i. List the prime factors of p.
2
Let r(b) = -420*b - 346. What are the prime factors of r(-5)?
2, 877
Suppose -x + 8 = 3*h, 4*h - 6 = -x + 4. Suppose h*o = -23 + 29. List the prime factors of o.
3
Let f(v) = -v**3 + 2*v**2 + 2. Let u be f(2). Let j(s) = -s + 12*s**2 - 3*s - 9*s**u - 3. What are the prime factors of j(6)?
3
Let f = 4 - 4. Let p = 7 + f. Suppose p*q - 16 = 5*q. What are the prime factors of q?
2
Let h(b) = 9*b**2 + 4. Let v be h(3). Suppose 0 = -d - 4*i + v, 5*d = -6*i + 2*i + 345. Let z = d - 38. List the prime factors of z.
3
What are the prime factors of (9 - -1386) + -10 + 11?
2, 349
Let q(a) = a**2 - 6*a + 3. Let i be q(5). Let c be i + (-28)/2 + 1. What are the prime factors of 204/10 - (-6)/c?
2, 5
Let f(c) = 207*c**3 + 4*c - 7. What are the prime factors of f(2)?
1657
Suppose 4*t - 3*p - 2*p = 6, 8 = t + 2*p. Suppose c = 4*w - t*c - 255, 0 = 2*w + 3*c - 155. What are the prime factors of w?
2, 5, 7
Let t = 558 - 238. Suppose 4*a - 253 = -3*z, -3*z + t = 5*a + 2*z. List the prime factors of a.
61
List the prime factors of (-4 - 22/(-8))/(3/(-132)).
5, 11
Suppose 1 = 7*o - 8*o. List the prime factors of o*(7/28 + (-634)/8).
79
Let j(g) = 7*g + 13. Let k(p) = -1. Let d(w) = j(w) - 4*k(w). Let i(c) = -14*c - 35. Let l(z) = 7*d(z) + 4*i(z). What are the prime factors of l(-6)?
3, 7
Suppose 232 + 99 = u. Let b = u + -195. What are the prime factors of b?
2, 17
Suppose -4*l - a + 462 = 0, -26*l + 24*l + 222 = -4*a. What are the prime factors of l?
5, 23
Suppose 2*c + 2*i - 4820 = 0, -2*c + 5*i + 635 + 4150 = 0. What are the prime factors of c?
5, 13, 37
Suppose -92 - 260 = -2*l. List the prime factors of -1 + l/(1 + 1).
3, 29
Suppose r - 349 = 267. List the prime factors of r.
2, 7, 11
Suppose 0 = u + 8 + 7. Let y = u - -18. Suppose -y*m + 4*m = 10. What are the prime factors of m?
2, 5
What are the prime factors of (-1362)/(-2) - (12 - 13)*3?
2, 3, 19
Suppose 41 = h + 2*g + 134, -2*g = -2*h - 210. Let b = h + 191. What are the prime factors of b?
2, 3, 5
Suppose -1 = -3*k - 7. What are the prime factors of k + (-2 + 10/(-4))*-22?
97
Let x(f) = -f**3 - 6*f**2 - 5*f + 7. Let i be x(-5). Suppose -6*j = -i*j + 197. What are the prime factors of j?
197
Suppose 3*s - 4*k = 152, -k + 3 = 2. Suppose -4*p - p - s = -4*a, -a = 4*p - 13. List the prime factors of a.
13
Let p(w) = -w + 7. Let z(b) = -b**3 + 6*b**2 - 8*b + 4. Let c be z(5). List the prime factors of p(c).
2, 3
Let p be (4/(-3))/(6/(-9)). Suppose p*x - 2 = 2. Suppose 0 = -x*m + 16 + 18. List the prime factors of m.
17
Let v = -12 + 18. Suppose v*t - 56 - 136 = 0. List the prime factors of t.
2
Let b = 66 + -159. List the prime factors of (39/(-9) + 4)*b.
31
Let u = 30 + -13. Let j(x) = -x**3 + 16*x**2 + 21*x - 30. List the prime factors of j(u).
2, 19
Suppose 5*a - 7 = 43. Suppose -a*h + 6*h = -612. Suppose 4*t - h = t. List the prime factors of t.
3, 17
Let o(v) = 5*v**2 + 10*v - 8. Let m be o(4). Suppose 3*k - 186 = -3*j, -2*k + 2*j + m = 8. What are the prime factors of k?
3, 19
Let o(i) = 14*i - 3. Suppose 0 = -w + 4 - 18. Let k = -12 - w. List the prime factors of o(k).
5
Suppose -3*p + 8*p - 15 = 0. Let a(w) = -w**p + 10*w - w**3 + 3*w**3 - 9 + 12*w**2. What are the prime factors of a(-11)?
2
List the prime factors of 9109/2 + (153/34)/9.
5, 911
Suppose 0 = -2*b - 2, -8*d = -4*d + 5*b - 531. Suppose 5*x + d = 909. What are the prime factors of x?
5, 31
Suppose -10368 = 27*d - 39*d. List the prime factors of d.
2, 3
List the prime factors of 2508/26 - (-390)/(-845).
2, 3
Let y(s) = -s**2 - 9*s - 6. Suppose 4*j + 36 = 5*b, 5*j - 3*b - 20 + 65 = 0. Let r be y(j). What are the prime factors of 11 - 9/(-3 - r)?
2
List the prime factors of 5/(-45) - (-9740)/18.
541
Suppose 2*o - 268 = -5*m + 3*m, 2*m - o = 262. Let y = 193 - m. What are the prime factors of y?
61
Suppose y - 8 = 3*y - 4*w, 4*y + w = 11. Suppose 4*s = -5*d + 4*d + 625, y*s = -2*d + 314. What are the prime factors of s?
2, 3, 13
What are the prime factors of (-1299)/(-9)*(-3 - -6)?
433
Suppose 59*j + 3*i - 2887 = 58*j, -5*i + 14385 = 5*j. What are the prime factors of j?
2, 359
Suppose 6*w - 16 = -2*w. Suppose 0 = 4*x + 20, -w*b - x = -5*b + 512. What are the prime factors of b?
13
Let i(x) = 54*x + 341. List the prime factors of i(37).
2339
Suppose -5*c - 5*p = -1000, 0 = -3*c + 51*p - 52*p + 604. List the prime factors of c.
2, 101
Let m(c) = -c**2 + 19*c + 23. Let n be m(20). List the prime factors of n + 1 - -1*25.
29
Let o = -16 + 22. Let m = o - 7. List the prime factors of 1/((2 + m)/29).
29
Suppose 0 = -3*h - 4*r + 1481, -4*h + 4*r + 1356 = -628. List the prime factors of h.
3, 5, 11
Let z(h) = -32*h - 205. What are the prime factors of z(-44)?
3, 401
Let s(x) = -2*x**2 - 17*x + 15. Let m(r) = r**2 + 9*r - 8. Let h(t) = -7*m(t) - 4*s(t). Let b = 6 + -3. What are the prime factors of h(b)?
2, 5
Let x(h) = 52*h**2 + 12*h - 24. Let v be 1 + 0 + -3 - -4. List the prime factors of x(v).
2, 13
Let z(y) = -y**2 + 14*y + 1. Let b(o) = -o**2 + 24*o - 35. Let a be b(22). What are the prime factors of z(a)?
2, 23
Suppose 0 = -h - 3*x + 127, 2*h - x - 170 - 91 = 0. What are the prime factors of h?
2, 5, 13
Let o = -5749 - -8057. List the prime factors of o.
2, 577
Let y be (-2 - 8/(-6))*-6. Suppose -122 = -y*l + 18. What are the prime factors of l?
5, 7
Suppose -2*i - 95 = -c + 3*i, -5*i = 2*c - 115. What are the prime factors of (-8)/20 + 7/(c/24)?
2
Suppose -10*c = -23562 + 6192. What are the prime factors of c?
3, 193
Suppose 22*f - 24*f + 10 = 0. What are the prime factors of (-4 + 5 - 2) + f?
2
List the prime factors of 1 - (10586/(-8) - (-65)/52).
3, 7
Suppose 3*f - 3 = 2*k + 2, -2 = -2*k - 4*f. Let d be 3 + (-1 + 2 - k). Suppose -d*m - 77 = -4*z, -z + 0*z = -3*m - 14. List the prime factors of z.
23
Suppose -2*y - 3*t = 45 + 2, -4*y - 83 = -5*t. Let z be (-2)/10 + (89/(-5) - -2). Let h = z - y. List the prime factors of h.
2, 3
Let m(f) = -f**2 - 8*f + 8. Let r be m(-9). Let u(o) be the third derivative of o**5/15 + o**4/12 + o**3/6 + 6*o**2. What are the prime factors of u(r)?
3
Let p be 2/(-4) + (-950)/(-20). Suppose 6*n - p = 5*n. Suppose -n - 4 = -3*j. List the prime factors of j.
17
Let h = 29 - 40. Let b(z) = -z**3 - 10*z**2 + 10*z - 6. Let t be b(h). Suppose p + 2*p - 12 = 0, -n - 15 = -t*p. What are the prime factors of n?
5
Suppose 8*o - 10 =